What is the highest common factor of 11368 and 11074?
98
What is the highest common divisor of 15 and 620390?
5
Calculate the greatest common factor of 314912 and 156.
52
Calculate the highest common divisor of 171 and 1616748.
57
Calculate the highest common divisor of 96 and 27366.
6
Calculate the highest common divisor of 998 and 186127.
499
What is the greatest common divisor of 24358 and 114?
38
What is the greatest common factor of 20061 and 747?
9
Calculate the greatest common factor of 6495 and 135.
15
What is the highest common factor of 165 and 28695?
15
Calculate the greatest common divisor of 28 and 101836.
28
Calculate the greatest common factor of 11320 and 30.
10
Calculate the highest common divisor of 149 and 34717.
149
What is the greatest common divisor of 38115 and 22?
11
What is the highest common factor of 410932 and 19?
19
What is the greatest common divisor of 1027920 and 15?
15
Calculate the greatest common divisor of 128270 and 508.
254
What is the greatest common factor of 663 and 14739?
51
What is the greatest common divisor of 192001 and 505?
101
What is the highest common divisor of 551977 and 699?
233
Calculate the highest common factor of 144 and 59328.
144
Calculate the highest common divisor of 2637855 and 1314.
657
What is the highest common divisor of 1017008 and 272?
272
Calculate the highest common divisor of 22151 and 68.
17
What is the greatest common divisor of 32 and 41056?
32
What is the greatest common factor of 114 and 434986?
38
What is the highest common factor of 16224 and 3328?
416
What is the greatest common divisor of 22152 and 702?
78
What is the highest common factor of 44676 and 207?
9
Calculate the greatest common factor of 1435247 and 22.
11
What is the highest common factor of 1578 and 24?
6
What is the highest common factor of 19205 and 6417?
23
What is the highest common divisor of 7000 and 5362?
14
Calculate the greatest common factor of 12831 and 5187.
273
What is the highest common divisor of 29647 and 92?
23
What is the greatest common divisor of 77165 and 1035?
115
Calculate the greatest common divisor of 34251 and 42.
21
Calculate the highest common factor of 4029 and 1513.
17
What is the greatest common factor of 16 and 22104?
8
Calculate the highest common factor of 1020 and 4260.
60
Calculate the greatest common divisor of 3 and 7753.
1
Calculate the greatest common divisor of 38818 and 5954.
26
What is the highest common divisor of 347630 and 20?
10
Calculate the highest common divisor of 75 and 786925.
25
Calculate the greatest common factor of 4896 and 7242.
102
What is the greatest common divisor of 37 and 529877?
37
What is the highest common factor of 11197 and 109?
1
Calculate the greatest common divisor of 176 and 9933.
11
Calculate the greatest common divisor of 2997 and 148.
37
Calculate the highest common divisor of 35549 and 76.
19
What is the greatest common factor of 181502 and 8758?
302
What is the highest common factor of 104 and 5941?
13
What is the highest common divisor of 455 and 65?
65
Calculate the highest common factor of 24108 and 1353.
123
What is the greatest common divisor of 227764 and 4?
4
What is the highest common divisor of 53532 and 24?
12
What is the greatest common divisor of 285 and 384?
3
Calculate the highest common factor of 75302 and 184.
46
Calculate the highest common divisor of 1334 and 24702.
46
Calculate the greatest common divisor of 699 and 183.
3
Calculate the highest common factor of 234924 and 24.
12
Calculate the greatest common factor of 9780 and 380.
20
What is the greatest common factor of 116926 and 87856?
646
Calculate the highest common divisor of 11744 and 89915.
367
Calculate the highest common divisor of 4558 and 2650.
106
What is the greatest common divisor of 208 and 35269?
13
Calculate the highest common factor of 1273 and 2211.
67
What is the greatest common factor of 111 and 63?
3
Calculate the greatest common factor of 915 and 4155.
15
Calculate the greatest common divisor of 4221 and 1163589.
1407
Calculate the highest common factor of 12925 and 903575.
1175
What is the highest common factor of 5148 and 600?
12
Calculate the greatest common factor of 2318 and 1037.
61
Calculate the highest common divisor of 1570 and 1415.
5
Calculate the highest common factor of 198 and 885852.
198
Calculate the greatest common factor of 888 and 364672.
296
What is the greatest common factor of 2530 and 92840?
110
What is the greatest common factor of 7918659 and 63?
63
What is the highest common factor of 3400 and 1895330?
170
Calculate the greatest common divisor of 110 and 292094.
22
What is the greatest common divisor of 656 and 720?
16
Calculate the greatest common divisor of 13776464 and 3424.
1712
Calculate the greatest common divisor of 7217 and 1351.
7
What is the greatest common factor of 504 and 9972?
36
What is the greatest common divisor of 35973 and 63?
63
Calculate the highest common divisor of 17711887 and 919.
919
Calculate the highest common divisor of 506583 and 17.
17
Calculate the greatest common factor of 16113 and 287.
41
Calculate the highest common factor of 2120355 and 135.
45
What is the highest common factor of 189612 and 621?
207
What is the highest common factor of 12 and 41088?
12
Calculate the greatest common factor of 7 and 110509.
7
Calculate the greatest common divisor of 33 and 781374.
33
Calculate the greatest common factor of 28137 and 7797.
339
What is the highest common divisor of 4641 and 1479?
51
What is the greatest common divisor of 224945 and 35?
35
Calculate the highest common factor of 62934 and 2193.
51
Calculate the highest common divisor of 15 and 529905.
15
Calculate the highest common factor of 1242 and 98478.
18
Calculate the greatest common divisor of 683125 and 7651.
1093
What is the highest common factor of 32627 and 236?
59
What is the highest common factor of 9 and 297774?
9
What is the greatest common factor of 80 and 11302240?
80
Calculate the greatest common divisor of 320 and 424.
8
Calculate the greatest common divisor of 5572 and 2660.
28
What is the greatest common factor of 7664 and 368?
16
What is the greatest common divisor of 61411 and 434?
217
What is the highest common divisor of 141328 and 528?
176
Calculate the greatest common divisor of 3791 and 153.
17
Calculate the highest common divisor of 107296 and 560.
112
Calculate the highest common factor of 47100 and 130467.
471
Calculate the greatest common factor of 420 and 42980.
140
Calculate the highest common divisor of 1470 and 720.
30
What is the greatest common factor of 3 and 11629?
1
Calculate the highest common factor of 77 and 6756211.
77
Calculate the greatest common divisor of 322 and 1141.
7
Calculate the highest common divisor of 11176 and 484.
44
What is the greatest common factor of 7208 and 1088?
136
What is the highest common divisor of 339 and 5736219?
339
Calculate the greatest common divisor of 3611 and 943.
23
What is the greatest common factor of 106326 and 2816?
22
Calculate the highest common divisor of 2 and 1105.
1
What is the highest common factor of 75 and 5116150?
25
Calculate the greatest common factor of 32851 and 2912.
91
Calculate the highest common factor of 37245 and 156.
39
What is the highest common divisor of 49517 and 169?
169
What is the greatest common divisor of 15710 and 490?
10
What is the greatest common factor of 636 and 52?
4
What is the highest common factor of 48 and 1985?
1
What is the greatest common divisor of 2351413 and 898?
449
Calculate the highest common divisor of 8883 and 7473.
141
Calculate the greatest common divisor of 4864809 and 359.
359
Calculate the highest common divisor of 3444 and 2313507.
861
Calculate the highest common divisor of 388 and 11511572.
388
What is the greatest common factor of 18 and 145863?
9
What is the highest common divisor of 275 and 15235?
55
What is the highest common factor of 160808 and 88?
8
What is the greatest common divisor of 33 and 134233?
11
Calculate the highest common factor of 803016 and 342.
342
What is the highest common divisor of 939070 and 165?
55
Calculate the greatest common factor of 14422950 and 25.
25
What is the greatest common factor of 744 and 54?
6
What is the highest common factor of 192 